{"id":2,"date":"2014-02-15T21:54:22","date_gmt":"2014-02-15T21:54:22","guid":{"rendered":"http:\/\/www.coursedestaleines.ch\/a\/?page_id=2"},"modified":"2026-07-19T15:16:47","modified_gmt":"2026-07-19T14:16:47","slug":"page-d-exemple","status":"publish","type":"page","link":"https:\/\/www.coursedestaleines.ch\/a\/","title":{"rendered":"Bienvenue"},"content":{"rendered":"<h2>38\u00e8me \u00e9dition<\/h2>\n<p>Bienvenue \u00e0 la 38\u00e8me \u00e9dition de la Course des Taleines \u00e0 Vulliens.<\/p>\n<p>Les <a href=\"https:\/\/www.coursedestaleines.ch\/a\/contact\/\">inscriptions<\/a> sont d\u00e9sormais ouvertes, rendez-vous le samedi 26 septembre prochain !<\/p>\n<p><a href=\"https:\/\/www.coursedestaleines.ch\/a\/wp-content\/uploads\/2023\/09\/20230923_142228-scaled.jpg\"><img loading=\"lazy\" decoding=\"async\" class=\"alignnone wp-image-36773 size-medium\" src=\"https:\/\/www.coursedestaleines.ch\/a\/wp-content\/uploads\/2023\/09\/20230923_142228-scaled-e1695542179613-300x238.jpg\" alt=\"\" width=\"300\" height=\"238\" srcset=\"https:\/\/www.coursedestaleines.ch\/a\/wp-content\/uploads\/2023\/09\/20230923_142228-scaled-e1695542179613-300x238.jpg 300w, https:\/\/www.coursedestaleines.ch\/a\/wp-content\/uploads\/2023\/09\/20230923_142228-scaled-e1695542179613-1024x812.jpg 1024w, https:\/\/www.coursedestaleines.ch\/a\/wp-content\/uploads\/2023\/09\/20230923_142228-scaled-e1695542179613-768x609.jpg 768w, https:\/\/www.coursedestaleines.ch\/a\/wp-content\/uploads\/2023\/09\/20230923_142228-scaled-e1695542179613-700x555.jpg 700w, https:\/\/www.coursedestaleines.ch\/a\/wp-content\/uploads\/2023\/09\/20230923_142228-scaled-e1695542179613-332x263.jpg 332w, https:\/\/www.coursedestaleines.ch\/a\/wp-content\/uploads\/2023\/09\/20230923_142228-scaled-e1695542179613.jpg 1152w\" sizes=\"auto, (max-width: 300px) 100vw, 300px\" \/><\/a><\/p>\n","protected":false},"excerpt":{"rendered":"<p>38\u00e8me \u00e9dition Bienvenue \u00e0 la 38\u00e8me \u00e9dition de la Course des Taleines \u00e0 Vulliens. Les inscriptions sont d\u00e9sormais ouvertes, rendez-vous le samedi 26 septembre prochain !<\/p>\n","protected":false},"author":1,"featured_media":0,"parent":0,"menu_order":0,"comment_status":"closed","ping_status":"closed","template":"template-content-sidebar.php","meta":{"footnotes":""},"class_list":["post-2","page","type-page","status-publish","hentry","column","threecol"],"_links":{"self":[{"href":"https:\/\/www.coursedestaleines.ch\/a\/wp-json\/wp\/v2\/pages\/2","targetHints":{"allow":["GET"]}}],"collection":[{"href":"https:\/\/www.coursedestaleines.ch\/a\/wp-json\/wp\/v2\/pages"}],"about":[{"href":"https:\/\/www.coursedestaleines.ch\/a\/wp-json\/wp\/v2\/types\/page"}],"author":[{"embeddable":true,"href":"https:\/\/www.coursedestaleines.ch\/a\/wp-json\/wp\/v2\/users\/1"}],"replies":[{"embeddable":true,"href":"https:\/\/www.coursedestaleines.ch\/a\/wp-json\/wp\/v2\/comments?post=2"}],"version-history":[{"count":147,"href":"https:\/\/www.coursedestaleines.ch\/a\/wp-json\/wp\/v2\/pages\/2\/revisions"}],"predecessor-version":[{"id":40426,"href":"https:\/\/www.coursedestaleines.ch\/a\/wp-json\/wp\/v2\/pages\/2\/revisions\/40426"}],"wp:attachment":[{"href":"https:\/\/www.coursedestaleines.ch\/a\/wp-json\/wp\/v2\/media?parent=2"}],"curies":[{"name":"wp","href":"https:\/\/api.w.org\/{rel}","templated":true}]}}

<h2>38ème édition</h2>
<p>Bienvenue à la 38ème édition de la Course des Taleines à Vulliens.</p>
<p>Les <a href="https://www.coursedestaleines.ch/a/contact/">inscriptions</a> sont désormais ouvertes, rendez-vous le samedi 26 septembre prochain !</p>
<p><a href="https://www.coursedestaleines.ch/a/wp-content/uploads/2023/09/20230923_142228-scaled.jpg"><img loading="lazy" decoding="async" class="alignnone wp-image-36773 size-medium" src="https://www.coursedestaleines.ch/a/wp-content/uploads/2023/09/20230923_142228-scaled-e1695542179613-300x238.jpg" alt="" width="300" height="238" srcset="https://www.coursedestaleines.ch/a/wp-content/uploads/2023/09/20230923_142228-scaled-e1695542179613-300x238.jpg 300w, https://www.coursedestaleines.ch/a/wp-content/uploads/2023/09/20230923_142228-scaled-e1695542179613-1024x812.jpg 1024w, https://www.coursedestaleines.ch/a/wp-content/uploads/2023/09/20230923_142228-scaled-e1695542179613-768x609.jpg 768w, https://www.coursedestaleines.ch/a/wp-content/uploads/2023/09/20230923_142228-scaled-e1695542179613-700x555.jpg 700w, https://www.coursedestaleines.ch/a/wp-content/uploads/2023/09/20230923_142228-scaled-e1695542179613-332x263.jpg 332w, https://www.coursedestaleines.ch/a/wp-content/uploads/2023/09/20230923_142228-scaled-e1695542179613.jpg 1152w" sizes="auto, (max-width: 300px) 100vw, 300px" /></a></p>

<p>38ème édition Bienvenue à la 38ème édition de la Course des Taleines à Vulliens. Les inscriptions sont désormais ouvertes, rendez-vous le samedi 26 septembre prochain !</p>
